{"id":24,"date":"2012-06-02T21:22:34","date_gmt":"2012-06-02T21:22:34","guid":{"rendered":"http:\/\/rhein-main-exeg.de\/?page_id=24"},"modified":"2025-05-03T18:32:05","modified_gmt":"2025-05-03T18:32:05","slug":"anreise","status":"publish","type":"page","link":"http:\/\/rhein-main-exeg.de\/?page_id=24","title":{"rendered":"Anreise"},"content":{"rendered":"\n<h2 class=\"wp-block-heading\">Philosophisch-Theologische Hochschule Sankt Georgen (Frankfurt am Main)<\/h2>\n\n\n\n<p>Website: <a href=\"https:\/\/www.sankt-georgen.de\/\">https:\/\/www.sankt-georgen.de\/<\/a><\/p>\n\n\n\n<p>Adresse: Offenbacher Landstr. 224, 60599 Frankfurt\/Main<\/p>\n\n\n\n<p>Telefon: 069-6061-0<\/p>\n\n\n\n<p>Fax 069-6061-307<\/p>\n\n\n\n<p>Anreise mit \u00f6ffentlichen Verkehrsmitteln:<\/p>\n\n\n\n<p>Vom Frankfurter Hauptbahnhof mit der S-Bahn, z.B. S 8, Richtung Offenbach-Ost, Ausstieg an der Haltestelle M\u00fchlberg, Umstieg in die Stra\u00dfenbahnlinie 16 Richtung Stadtgrenze\/Offenbach, Ausstieg an der Station &#8220;Balduinstra\u00dfe&#8221;, von dort zu Fu\u00df in der Offenbacher Landstra\u00dfe einige Meter zur\u00fcckgehen bis zum Haupteingang der Hochschule Sankt Georgen.<\/p>\n\n\n\n<p>Die Stra\u00dfenbahnlinie 16 Richtung Stadtgrenze\/Offenbach f\u00e4hrt auch direkt vom Frankfurter Hauptbahnhof (Fahrtdauer bis Balduinstra\u00dfe ca. 20 Minuten).<\/p>\n\n\n\n<p><a href=\"http:\/\/rhein-main-exeg.de\/wp-content\/uploads\/2012\/06\/anfahrt-dt-zug.pdf\" target=\"_blank\">(Anreisebeschreibung zum Ausdrucken: PDF)<\/a><\/p>\n\n\n\n<p>Anreise mit dem Auto (Beschreibungen zum Ausdrucken):<\/p>\n\n\n\n<p>aus Richtung <a href=\"http:\/\/rhein-main-exeg.de\/wp-content\/uploads\/2012\/06\/anfahrt-dt-muenchen.pdf\" target=\"_blank\">M\u00fcnchen<\/a> &#8211; aus Richtung <a href=\"http:\/\/rhein-main-exeg.de\/wp-content\/uploads\/2012\/06\/anfahrt-dt-kassel.pdf\" target=\"_blank\">Kassel<\/a> &#8211; aus Richtung <a href=\"http:\/\/rhein-main-exeg.de\/wp-content\/uploads\/2012\/06\/anfahrt-dt-westen.pdf\" target=\"_blank\">Westen<\/a> &#8211; aus Richtung <a href=\"http:\/\/rhein-main-exeg.de\/wp-content\/uploads\/2012\/06\/anfahrt-dt-basel.pdf\" target=\"_blank\">Basel<\/a><\/p>\n\n\n\n<p>&nbsp;<\/p>\n","protected":false},"excerpt":{"rendered":"<p>Philosophisch-Theologische Hochschule Sankt Georgen (Frankfurt am Main) Website: https:\/\/www.sankt-georgen.de\/ Adresse: Offenbacher Landstr. 224, 60599 Frankfurt\/Main Telefon: 069-6061-0 Fax 069-6061-307 Anreise mit \u00f6ffentlichen Verkehrsmitteln: Vom Frankfurter Hauptbahnhof mit der S-Bahn, z.B. S 8, Richtung Offenbach-Ost, Ausstieg an der Haltestelle M\u00fchlberg, Umstieg &hellip; <a href=\"http:\/\/rhein-main-exeg.de\/?page_id=24\">Continue reading <span class=\"meta-nav\">&rarr;<\/span><\/a><\/p>\n","protected":false},"author":1,"featured_media":58,"parent":0,"menu_order":4,"comment_status":"closed","ping_status":"closed","template":"","meta":{"footnotes":""},"class_list":["post-24","page","type-page","status-publish","has-post-thumbnail","hentry"],"_links":{"self":[{"href":"http:\/\/rhein-main-exeg.de\/index.php?rest_route=\/wp\/v2\/pages\/24","targetHints":{"allow":["GET"]}}],"collection":[{"href":"http:\/\/rhein-main-exeg.de\/index.php?rest_route=\/wp\/v2\/pages"}],"about":[{"href":"http:\/\/rhein-main-exeg.de\/index.php?rest_route=\/wp\/v2\/types\/page"}],"author":[{"embeddable":true,"href":"http:\/\/rhein-main-exeg.de\/index.php?rest_route=\/wp\/v2\/users\/1"}],"replies":[{"embeddable":true,"href":"http:\/\/rhein-main-exeg.de\/index.php?rest_route=%2Fwp%2Fv2%2Fcomments&post=24"}],"version-history":[{"count":7,"href":"http:\/\/rhein-main-exeg.de\/index.php?rest_route=\/wp\/v2\/pages\/24\/revisions"}],"predecessor-version":[{"id":644,"href":"http:\/\/rhein-main-exeg.de\/index.php?rest_route=\/wp\/v2\/pages\/24\/revisions\/644"}],"wp:featuredmedia":[{"embeddable":true,"href":"http:\/\/rhein-main-exeg.de\/index.php?rest_route=\/wp\/v2\/media\/58"}],"wp:attachment":[{"href":"http:\/\/rhein-main-exeg.de\/index.php?rest_route=%2Fwp%2Fv2%2Fmedia&parent=24"}],"curies":[{"name":"wp","href":"https:\/\/api.w.org\/{rel}","templated":true}]}}